o + 3. Let u(p) = -p - 1. Let y(i) = -4*u(i) - w(i). Let n be 10/35 + 26/7. Is y(n) composite?
False
Suppose 0 = 7*w - 12*w - 5. Let z = w + 542. Is z a prime number?
True
Suppose -4 = o - 1. Let s be (-1)/(o + 4682/1561). Suppose s = 8*z - z. Is z a composite number?
False
Let h = 5 + -7. Let x(o) = 147*o + 2 - 1 + 85*o**2 - 74*o - 68*o. Is x(h) composite?
False
Let y = 20 - 18. Suppose 3*m - 3 = -2*u, 0 = -0*m + 2*m + u - y. Is 2/m + -3 + 56 a composite number?
True
Suppose 0 = 27*k - 34*k - 924. Let i(q) = -3*q - 1. Let g be i(-6). Let o = g - k. Is o a composite number?
False
Suppose 2*a + 0*a = 10. Suppose -2*z - a*w = -2750, 2*w = z - 0*w - 1375. Let i = z - 488. Is i composite?
False
Let d be 839/((6/2)/(-264)). Is d/(-66) + (-1)/(-3) composite?
True
Let o = -8 + 13. Let j be o + -4 + (2 - -205). Suppose 3*b + 184 = 4*w, -3*b + j = 4*w - 0*w. Is w prime?
False
Let o = -3 + 6. Suppose -b = 4*v - 1578 + 308, -o*b + 323 = v. Is v prime?
True
Suppose -22*r + 25834 = 1920. Is r a composite number?
False
Suppose -71*i = -69*i - 3278. Is i prime?
False
Let r(x) = -13*x + 22. Suppose 8*v = 13*v - 80. Let w be v + -14 + -16 + 1. Is r(w) composite?
False
Suppose 6*s = -s + 21770. Suppose -2*i = -s + 612. Is i a composite number?
False
Is (-3 - -5) + 5148/8*34 a prime number?
True
Let v be (-95)/(-30) - (-1)/(-6). Suppose 0*a + 5*a - 1720 = -v*n, 2*a = 3*n - 1685. Is n composite?
True
Let g(v) = -5*v**3 - 3*v**2 + 17*v + 17. Is g(-6) a prime number?
True
Let z = 757 + -1341. Let x = 930 + z. Is x prime?
False
Suppose 4*z = z - 18. Let x(q) = -14*q**3 - 2*q**2 + q - 7. Is x(z) a composite number?
False
Suppose -35 = -l + 3*h, -h - 52 - 69 = -3*l. Let w = l + 14. Is w composite?
True
Let p be (-24)/60 + 1624/10. Suppose a - 273 = 2*m, -p = -3*a + 4*m + 661. Is a composite?
False
Let v = -35857 - -85671. Is v a composite number?
True
Let k(j) = 366*j - 157. Is k(6) a composite number?
False
Let q = -317 + 49. Let i = q - -1137. Is i a prime number?
False
Let u be 3/2*(-3 - -5). Suppose -u = x - 2. Is (73 + 4)/(0 - x) a composite number?
True
Suppose 4*j + 315 = d, -d - 2*j = -3*d + 606. Is d prime?
False
Suppose -2*p - 4*m = -1958, -2*p + 6*m + 1958 = 8*m. Is p prime?
False
Suppose -g - 2*k = -300, 5*k = -5*g + 1930 - 455. Suppose 80 - g = -5*s. Let x = 71 + s. Is x a prime number?
True
Suppose 5*o - 5*d = -2*d + 603, 2*o - 5*d = 226. Suppose -2234 = -o*w + 121*w. Is w a composite number?
False
Suppose -4*d = -c + 5791, -6*c + d = 5*d - 34662. Is c prime?
True
Let n(s) = -2*s - 2533. Let x(v) = v + 2. Let u(y) = -n(y) + 5*x(y). Is u(0) a prime number?
True
Suppose -22 = -t + 5*a, -3*t - 3*a - 6 + 0 = 0. Suppose t*x - 751 = 739. Is x a composite number?
True
Suppose -14*s = -3675 - 2709. Suppose 5*h = -g + 1117, 5*g = -4*h + 2*h + s. Is h a composite number?
False
Suppose -x + 3*x + 5*t = 10851, 2*x - 10881 = 5*t. Is x a composite number?
True
Let h(v) = -8*v**3 + 5*v**2 - 35*v + 5. Let u(z) = -4*z**3 + 2*z**2 - 17*z + 2. Let y(s) = 2*h(s) - 5*u(s). Is y(7) a composite number?
True
Let z be (13 - 0/(-3)) + -2. Suppose -2*v = -5*s + 19, 2*v - 32 = -3*s - z. Suppose -v*c + 6 - 3 = 0, -5*x = -4*c - 381. Is x a prime number?
False
Let l(y) = -8*y**3 - 2*y**2 + 4*y + 5. Suppose -3*v = -5*r - 11, 4*v = -4*r + 3*r - 16. Is l(v) a composite number?
False
Let b = -31 + 34. Suppose 2*u + 635 = b*f - 2*f, 4*f = 3*u + 2530. Is f a prime number?
True
Let t = -16 + 20. Suppose 0 = 3*q - t*u - 21163 - 11556, -4*u + 20 = 0. Is q a composite number?
True
Suppose 600 - 868 = 4*d. Let c(w) = -73*w. Let j be c(-2). Let b = j + d. Is b a prime number?
True
Let c(f) = -225*f**3 + 2*f**2 - f + 4. Let j be c(4). Is (-2)/6 - j/48 prime?
False
Let f be ((-35)/(-14))/((-10)/(-24)). Let i = -6 + f. Is 1 - (i + -34 + 2) prime?
False
Let f be (-129)/12 + 2/(-8). Let p(a) = -12*a - 21. Is p(f) a composite number?
True
Let d(z) = z**3 + 41*z + 41*z - 4*z**2 - 87*z - 5. Is d(11) a composite number?
False
Suppose -5*t - 5118 = 12862. Let g = 5989 + t. Is g prime?
True
Suppose -808 = 4*h + 192. Let d = 672 + h. Is d composite?
True
Let p(w) = -2*w**2 + 3*w + 1. Let r be p(3). Is -2*(92/r - 0) a prime number?
True
Let q(k) = 133*k + 0*k**2 + 12 - 149*k + 3*k**2. Is q(-17) a prime number?
True
Suppose -40*h - 66*h = -1749106. Is h a prime number?
False
Let a(x) be the second derivative of -x**7/2520 + x**6/45 + x**5/24 + x**4/2 + 7*x. Let f(r) be the third derivative of a(r). Is f(12) a composite number?
False
Let q = 9 - 6. Let h(f) = 311*f - 1. Let u be h(q). Suppose -6*p = -2*p - u. Is p prime?
True
Is 1*2473 + 66/(-4 + 15) a prime number?
False
Let l(d) = 295*d**2 - 4*d + 2. Let v be (2/3)/(10/15). Is l(v) prime?
True
Suppose p = -4*p - 50. Is (-4)/p + (-8109)/(-15) composite?
False
Is (-4 - 16137)/(-1 + 0) a prime number?
True
Suppose -327 = -6*b + 327. Is b a prime number?
True
Let x(l) be the second derivative of -l**5/20 + 7*l**4/6 - 5*l**3/6 - 9*l**2/2 - 37*l. Let n = -6 + 19. Is x(n) a prime number?
False
Suppose -a - 374 = 520. Suppose -4*k - 2614 = 2*w, 3*w + 2621 = -4*k - 1306. Let r = a - w. Is r a composite number?
False
Suppose 3*q - 11805 = -3*i, 19789 - 4049 = 4*q - 3*i. Is q prime?
False
Let z = 35 + -26. Let p(u) = -3*u**2 + 7*u**3 - 2 - 3*u**3 - 3*u**3 - z. Is p(6) a composite number?
False
Let v(w) = -2256*w + 973. Is v(-21) prime?
False
Let s(n) = n**2 + 11*n - 8. Let f be s(-11). Let g = -863 + 1504. Is (f/(-4) - 1)*g a prime number?
True
Let c(a) = a**3 + 12*a**2 - 14*a - 9. Let i = -46 - -33. Let n be c(i). Suppose -x + 14 - n = 0. Is x a composite number?
True
Let i = 1862 - -875. Let q = -1488 + i. Is q a prime number?
True
Let w(z) = z**2 + 15*z + 4481. Is w(0) a prime number?
True
Let n(c) be the first derivative of -14*c**2 - 21*c - 38. Is n(-11) a prime number?
False
Let q be 2/1 + -10 - -4. Let x(r) = -190*r - 7. Is x(q) prime?
False
Suppose 0 = 5*m - u - 12766, -2*m + 6140 = -2*u + 1040. Is m composite?
True
Let a(n) = 1098*n - 32. Is a(5) composite?
True
Let f = -3615 + 20966. Is f composite?
False
Suppose 224 = -0*w + 2*w. Suppose 0 = -8*u + 3*u + 3*f + w, -u - 4*f = -4. Is ((-776)/u)/(2/(-5)) a composite number?
False
Let h = 25 + -20. Suppose c - 788 = -h*v + 2*c, -4*v = c - 634. Is v prime?
False
Suppose -d - 3*d + 40 = 0. Let u be -1 - d*(-2)/4. Suppose 4*r - 717 = 5*o - 184, 0 = -u*r - 5*o + 483. Is r prime?
True
Is -8782*((-8)/(-16) - 1) prime?
True
Let g = 18 - 14. Suppose 0 = g*d - 2413 + 617. Is d a prime number?
True
Suppose 0 = y + 3*f - 15, 0 = 5*y - 0*f - 3*f - 39. Is 618/(-8)*(-12)/y composite?
False
Let u be (-8)/(-6) + (-2)/(-3). Suppose 0 = u*c + 3*p - 44, c = p - 2*p + 21. Let g = 34 + c. Is g a prime number?
True
Suppose -5*z = -0*v + 2*v + 6, -4*v + 4*z = -16. Suppose -5*y + v*r + 196 = -333, -97 = -y - 4*r. Suppose 3*h = 6*h - y. Is h a prime number?
False
Let a(p) = 2*p**2 - 11*p + 2159. Is a(0) a prime number?
False
Suppose 3*g + t - 6 = 0, 5*t = 4*g + g - 10. Suppose 5*y - 1671 = g*y. Is y composite?
False
Suppose -3*h - 20 = -4*i, -5*i + 23 = 5*h - 2. Suppose i*f + d - 780 = 0, -f - 4*d = -34 - 103. Is f composite?
False
Let g = -29 - -26. Is (-1 + g + -1)*-7 prime?
False
Let n be (965/(-3) - -1)/(27/81). Let r = 2463 + n. Is r composite?
True
Suppose x - 51801 - 35098 = 0. Is x a prime number?
False
Suppose -k = 3*j - 656, 4*j - 8*j = 2*k - 1314. Is k a prime number?
True
Suppose 11*b = 14*b + 4*z - 18153, 2*z = 6. Is b a prime number?
True
Suppose -2*q - 5*z - 280 = 36, 3*z = -4*q - 604. Let r = q + 519. Is r composite?
True
Let g(v) = v**3 - 8*v**2 - 1. Let f be g(8). Let x be 3/f*(-8)/3. Suppose 7*t = x*t - 223. Is t a prime number?
True
Let k = 105569 - 51046. Is k prime?
False
Let o(r) = 563*r**2 + 6*r + 2. Is o(5) prime?
True
Suppose -o + 458 = -791. Is o a composite number?
False
Suppose 2*h - 937 = -0*c - 3*c, -4*c = h - 461. Suppose -h = -5*p + 162. Is p a composite number?
False
Suppose -3*w - 2*t + 3 = -13, 0 = -4*w + t + 36. Suppose 0 = 4*v - w*v. Suppose v = -n - 63 + 322. Is n composite?
True
Suppose 4*m = -2*f - 141216, 4*m + 4*f + 119276 + 21940 = 0. Is m/(-56) + 4/7 a composite number?
False
Let g(q) = -5*q + 33. Let l be g(6). Suppose l*v = -2*k + 9781, -v + 9809 = 2*v - 5*k. Is v prime?
False
Suppose 0 